hat is the value of 18 + (6 - (-2 - -10)) - (9 + -2)?
9
What is -1 + -6 + (3 - 6)?
-10
What is -22 + (-7 + -9 - -52)?
14
Evaluate (3 + 2 - 15) + 16.
6
Evaluate -25 + 29 + -1 + (1 - 9).
-5
6 - (25 - 41 - (-1 + 2))
23
Evaluate (9 - (12 - -3)) + 9 + -5.
-2
(10 - (23 + -24)) + -5
6
3 - (3 + (-5 - -7) + (7 - 7))
-2
Evaluate (-67 - -56) + 29 + (-1 - 2).
15
Calculate 0 + (9 + 0 - (-2 - -19)).
-8
Calculate 43 - 2 - 12 - 43.
-14
What is the value of -3 + 0 + -1 - (-9 + 31 + -35)?
9
Evaluate -3 - ((-9 - -1) + 10) - (9 - -2).
-16
What is (90 - 89) + (6 - 0) + 7?
14
What is 16 + -7 + 67 + -96?
-20
Evaluate 15 - (9 - (-56 - -22)).
-28
What is 0 - ((-7 - -9 - -1) + (-4 - 5))?
6
Evaluate (0 - 6) + (6 - (-13 - -7 - -3)).
3
What is (12226 - 12204) + (1 - (0 + 0) - -6)?
29
7 + 12 + -14 + 14 - (2 + 3)
14
What is 1 + -3 + 9 + -14?
-7
-15 + (-8 - -6 - -8) + 7
-2
Evaluate 377 + -386 - (-8 + 1).
-2
What is the value of 0 - (-24 - -20 - 15)?
19
What is the value of (-13 - (37 + -60)) + -1 + -28?
-19
Evaluate -8 + 1 - (43 - (-71 - -93)).
-28
Calculate (1 - (1 + -7)) + 35 + -35.
7
What is (-24 - (-8 + -7)) + 21?
12
What is the value of -8 + 20 + -13 - -11?
10
Calculate (16 - (24 + -7) - (-1 + 1)) + -7.
-8
What is 2 + -11 + 10 - (0 - -6)?
-5
What is the value of 2 + -12 - (-12 + -4 + 5 - -15)?
-14
What is the value of (1 - -2) + -18 + (-14 - -38)?
9
What is the value of (8 + -2 - 10) + 1 + 1 + -2?
-4
What is the value of 13 - (12 - 0) - (2 + 0 + 2)?
-3
Calculate 0 + 11 + (-14 - (7 - 13)) + 8.
11
Evaluate (6 - 19) + 29 - (6 - -3).
7
40 + 6 + -16 + -7 - 0
23
What is (-1 - 2) + ((1 - 10) + 8 - 1)?
-5
What is the value of -8 + (14 - (18 - 7))?
-5
-8 + (-15 - -8) - -22
7
Calculate (5 - -11) + (9 - 15).
10
-6 + 41 + 5 + -16 - 3
21
Evaluate -23 - (-31 + 13 - 1).
-4
Evaluate (-17 - (-13 - -2)) + (2 + -1 - 3).
-8
Evaluate 7 + 1 + -20 - (3 - 1).
-14
Calculate (-77 - -77 - (1 + 9) - -1) + 8.
-1
Evaluate 4 + (-19 - (-7 - -1)) + 4.
-5
What is 2 - (-10 - (-8 + 4))?
8
What is 1 + 7 - -26 - ((7 - 6) + 9)?
24
What is (107 - 33 - 42) + -29?
3
What is 4 + (24 - -2) - (50 + -54)?
34
Evaluate (5 - 13) + 0 - -17 - 5.
4
What is 6 - (4 + 1 + 0) - 4 - 3?
-6
Evaluate -5 - -10 - (4 + 23).
-22
What is -25 + (26 - 1 - -26)?
26
Evaluate 28 + -9 - (10 - (2 - 2)).
9
1 + 18 + 104 + -148
-25
11 + -3 + 16 + -5 + -17
2
What is 19 + -2 + 2 - (-229 + 250)?
-2
Calculate (12 - -3) + 2 + (11 - 19) + -10.
-1
Calculate (25 - 20 - 4) + -11.
-10
What is 19 - 29 - (-9 + 5 + 2)?
-8
Evaluate 1 + 3 - ((6 + 0 - -8) + -4).
-6
What is -81 + 63 + (-2 - -15) - -26?
21
-9 + (-8 + -9 - -3) + (5 - 2)
-20
(-47 - (-54 + -1)) + -1 + -1
6
Evaluate 5 - (1 - -3) - (-59 + 54).
6
Calculate 10 + (6 - 2) - 9 - (-1 + -2).
8
Evaluate -14 + (-4 - -19 - (3 - 3)).
1
Calculate -73 + 108 - (23 + 3).
9
Calculate 699 - 720 - (-13 - (0 - 1)).
-9
Evaluate 6 + 5 + (-6 - (1 - -3 - 4)).
5
What is the value of 4 + 2 - -7 - 12?
1
What is 0 - (-12 - (-13 + 6 + 12 - 4))?
13
-15 + 17 + -1 - 0
1
Calculate 19 + (-4 - (12 + -8)).
11
10 + 9 + -25 + 9 - -2
5
What is the value of 59 - 42 - (1 + -2 + (-30 - -26))?
22
What is the value of 1 + 4 + (-14 - -15 - -4) + 1?
11
Evaluate (188 - 189) + -6 + 1.
-6
Evaluate 16 + (-3 - (-7 - -31)) - 6.
-17
What is (15 - 13) + (1 - 0) + -14 + 1?
-10
Evaluate (-43 - -7) + 64 + -9.
19
Evaluate -4 + -2 + -5 + (17 - 0 - 5).
1
Calculate -13 + (28 + -68 - -29).
-24
Evaluate -13 + -6 + -26 + 13.
-32
Calculate -6 + -1 - ((-19 - (-6 + -4)) + 13).
-11
Evaluate 21 + 7 + -30 + -12.
-14
What is the value of 2 + -2 + 2 + 8?
10
Calculate (-8 - -1) + (9 + -9 - -7).
0
8 - (6 + (-7 + 3 - 6) + 6)
6
What is the value of (1 - (-29 - (0 + -11 + 7))) + -3?
23
Calculate 1 + -3 + 6 + 13 + -6 + 4.
15
What is the value of 16 + (-2 - 1) - (41 - 37)?
9
13 + -4 + (10 - 17) + (3 - 2)
3
What is the value of -8 + 14 + -9 - (2 - -2)?
-7
Calculate 12 - (-1 - -1) - (-1049 + 1039).
22
What is the value of (-20 - -1) + -4 + (-4 - (3 - 0))?
-30
Evaluate (-6 - ((2 - -3) + (-9 - 4))) + -6.
-4
What is -3 - (-8 - -1 - (69 + -92))?
-19
What is the value of 31 + (-10 - (8 - -16))?
-3
What is the value of -15 + (18 - (19 - 9))?
-7
Evaluate -5 + 10 + -9 - (-11 - -12).
-5
Evaluate (17 + -36 - -46) + -24.
3
-5 - -1 - -4 - -29 - (-8 - -16)
21
What is the value of 43 + (-3 - (-3 - -4)) - (216 + -211)?
34
What is the value of (-71 - -88) + (-3 - 11)?
3
What is -15 + (-8 - ((-1 - -1) + 6 + -9))?
-20
2 - 11 - (324 - 317)
-16
Calculate -14 + -6 - (1 + -16).
-5
Calculate (30 - (-10 + -13)) + -36.
17
What is the value of 73 + -96 - (3 + -11) - (-3 - 0)?
-12
32 + 6 + -11 + -15
12
Calculate -2 - (8 - 7) - (-7 - -12).
-8
-4 + (-9 - -8) - 5
-10
Evaluate 166 + -172 + (4 - 3).
-5
1 + (1 - (8 + 9))
-15
Evaluate (7 + -1 - (-13 + 6 + 15)) + -5.
-7
-1 + 6 - (-3 + 27)
-19
What is the value of -8 + 1 + (16 - 13) - 2?
-6
-12 + (-4 - -9 - 0) - -1
-6
What is the value of -14 + 0 + 9 + 6 + 4?
5
Evaluate (2 + (-22 - -2) - (1 + 0)) + -1.
-20
Evaluate 9 + (11 - (6 + 15) - (-2 - 33)).
34
Calculate (-5 - ((-11 - -2) + 2)) + -7 + -1.
-6
Evaluate 23 + -26 + ((3 - 2) + 3 - -1).
2
What is -2 + 8 + 36 + -38 - -1?
5
Calculate 22 + -2 + 5 + 2 + -8.
19
What is (4 - 5 - (1 - 7)) + -227 + 199?
-23
Evaluate -21 + 7 + (-25 - -39).
0
What is (-5 - 5) + 5 + 23 - 16?
2
((16 - 3) + -6 - 17 - -21) + 1
12
What is (-2 - (-14 + 0)) + -9?
3
Calculate -2 - (14 + 15 + -11 + 5 + -12).
-13
What is -8 - -4 - (-7 + -6) - 5?
4
20 + -22 + -2 + (9 - -2)
7
Calculate 2 - (-1 + -76 + 42).
37
Calculate 12 + 1 + (-749 - -734).
-2
-3 - ((0 - 3) + 5 - (-32 - -37))
0
Calculate -2 + -2 - 6 - -20 - 3.
7
What is (-4 - -7) + (-45 - -36 - (0 + -15))?
9
Evaluate -1070 + 1045 + 48 + 1.
24
What is the value of 1 + 0 - -2 - (-32 - (23 + -56))?
2
What is the value of 20 + (11 - 30) + -4?
-3
What is (5 - (-2 + -8)) + -24?
-9
-17 + (0 - -4) + (-31 - -70)
26
What is the value of (-7 - 1 - 4) + 7 + -1?
-6
Evaluate (-9 + 20 - 7) + 6 + -2 + -12.
-4
Evaluate (1 - -3 - (-1 + (11 - 0))) + 15.
9
What is -1 + 8 - (8 - -7)?
-8
Evaluate -3 - (1 - 2 - (55 - 55) - 2).
0
What is the value of -8 + -2 + 19 + -10?
-1
Calculate -26 - (-1 + -10) - -19 - 23.
-19
Calculate (-67 - -84) + -5 + -8 + 0.
4
What is the value of (-34 - -26) + 29 - (-1 + 18)?
4
-2 - (0 + (-5 - -7) + -3)
-1
Calculate (5 - -9) + -7 + 4 + -6.
5
Calculate -6 - -4 - -5 - (-20 + 10 + 20).
-7
What is the value of -1 + 2 + 2 + -1 - (-3546 - -3552)?
-4
Calculate 73 - 109 - (10 - 33).
-13
What is the value of 86 + -83 - (0 - -9)?
-6
Evaluate -3 + 0 - (-565 + 541).
21
Calculate 11 + -1 - (39 - (40 + -29)).
-18
What is (16 - (4 - -1)) + -3 + -2?
6
What is -19 + 16 + 24 + -17?
4
What is the value of -36 + 31 + (-1 - (0 + -2))?
-4
(5 - 4) + -7 + -3
-9
What is the value of 9 + (-10 - (-17 + 6 - -7)) - 22?
-19
1 - ((1 + 0 - 0) + 0 + 4)
-4
What is (15 + 1 - 13 - -4) + 4?
11
What is the value of -22 - (-31 + -16 - -13)?
12
Evaluate (-35 - (0 + (-9 - -1))) + -11 - -5.
-33
Calculate (10 + -7 - -3) + 9 + 8 + -15.
8
Evaluate (34 - 9 - (-7 + 16)) + 11.
27
Evaluate (-11 - -17) + -21 + -23 + -1 + 7.
-32
14 - (5 + 4 - (2 - -2))
9
Evaluate -17 + -1 + 16 + (-1 - 9 - 0).
-12
What is -7 + 2 + (8 - 0)?
3
Evaluate 5 + -20 + 6 + 5 + 17.
13
What is the value of -4 + (-17 - -15) + (-3 - -3 - 22)?
-28
(-11 - -3) + -6 + (1 - -4)
-9
What is 0 + -1 + -54 + 79 + -25?
-1
Evaluate (0 - 1 - (2 + -2)) + -106 + 106.
-1
Evaluate -9 - (10 + (14 - 22)).
-11
What is -13 - (-2 + -4 + -1 - (-150 + 143))?
-13
(-8 - 16 - -22) + 0 + 8
6
What is the value of 17 + -6 + (-2 - (-5 + 7))?
7
What is -18 + 6 - -9 - -12?
9
What is -19 - (-3 + -12) - 1 - -31?
26
What is the value of -24 + 1 + -70 + 87?
-6
Evaluate 3 - (-15 + 12 - ((-2 - -3) + -3)).
4
Calculate (1 - 10 - (-27 + 44)) + 9.
-17
Calculate 2 + -1 + 0 + -1 + 3.
3
Evaluate 1 - 2 - (-1 - -21) - (-435 + 428).
-14
652 + -638 - (0 + 39)
-25
Evaluate 1 + -19 + (4 - -6) - 6.
-14
Evaluate (2 - 47) + -2 + 85.
38
(23 - 34) + 0 + 3
-8
What is (5 - (13 - 1 - 3)) + 11 + -14?
-7
What is -1 - (2 + (7 - -13)) - -6?
-17
Calculate -11 - (-25 - -30 - -1).
-17
Evaluate (12 - 0) + 61 + -21 + -65.
-13
-14 - ((-4 - 6) + -5) - (0 + -1)
2
What is 17 + (1 + 0 - (78 + -66)) + 4?
10
What is (5 - (-7 - -6)) + 0 - (-1 + -2)?
9
8 - ((2 - -1) + -1 + (-6 - -10))
2
11 + -13 + 12 - 13
-3
What is the value of -3 + 5 + -15 - ((-